 25*i - 20. Calculate l(-10).
330
Let p(q) = -q**3 - 11*q**2 - 35*q - 74. Give p(-8).
14
Let p(i) = i**3 + 68*i**2 - 320*i - 2. Determine p(0).
-2
Let x(u) = -36*u - 197. What is x(-26)?
739
Let g(x) = 6*x**2 - 62*x - 58. What is g(11)?
-14
Let o(n) = n**2 - 43*n + 197. Determine o(8).
-83
Let x(j) = -4*j**2 - 4772*j + 9549. What is x(2)?
-11
Let x(a) = 99*a + 109. Calculate x(-1).
10
Let d(a) = -a**2 - 50*a + 1201. Determine d(-65).
226
Let b(t) = -641*t + 1250. Calculate b(2).
-32
Let r(u) = -1573*u + 7870. Determine r(5).
5
Let v(d) = 50*d + 1211. Give v(-22).
111
Let c(z) = 269*z**3 - z**2 + 3*z - 3. Determine c(1).
268
Let s(a) = 4*a**2 - 30*a - 210. Give s(-8).
286
Let g(h) = -h**3 + 3*h**2 + 8*h - 10. Give g(4).
6
Let b(z) = 11*z - 559. Give b(44).
-75
Let q(f) = -f**3 - 6*f**2 - 14*f - 22. Calculate q(-7).
125
Let k(z) = -z**3 - 47*z**2 + 69*z + 5291. Determine k(-46).
1
Let x(u) = -136*u - 273. Determine x(-2).
-1
Let i(p) = -7*p**3 + 24*p**2 - 24*p + 7. Give i(2).
-1
Let f(s) = -s**2 + 15*s + 85. Give f(21).
-41
Let n(c) = 368*c + 11772. Give n(-32).
-4
Let z(n) = n**2 + 324*n - 49933. What is z(114)?
-1
Let y(n) = -9238*n - 73895. What is y(-8)?
9
Let w(q) = -3*q**2 + 13*q + 8. Determine w(14).
-398
Let c(a) = a**3 - 62*a**2 + 920*a + 172. Give c(37).
-13
Let j(r) = -7*r**3 - 124*r**2 + 14*r - 32. Give j(-18).
364
Let v(p) = 2*p**3 + 21*p**2 + 88*p + 1085. Calculate v(-11).
-4
Let g(a) = -5*a**2 + 227*a - 133. Calculate g(45).
-43
Let f(p) = p**2 + 56*p - 348. Give f(-57).
-291
Let o(l) = l**3 - 29*l**2 - 2*l + 63. Determine o(29).
5
Let y(t) = -t**2 - 36*t + 7. Give y(-25).
282
Let s(x) = -x**3 - 8*x**2 - 15*x - 24. Determine s(-6).
-6
Let p(t) = 10*t**2 - 96*t - 232. Calculate p(12).
56
Let u(s) = 146*s + 1904. What is u(-13)?
6
Let m(u) = -431*u + 3894. Give m(9).
15
Let n(h) = 5*h**2 - 5*h + 28. Give n(0).
28
Let r(q) = q**3 + 45*q**2 + 43*q - 71. Give r(-44).
-27
Let a(i) = 27*i**2 - 477*i - 145. Determine a(18).
17
Let l(i) = -660*i - 2697. Calculate l(-4).
-57
Let j(g) = g**3 - 8*g**2 - 250*g + 1214. Give j(5).
-111
Let m(j) = 2*j**2 - 202*j - 2967. Give m(114).
-3
Let i(r) = 7*r - 244. What is i(16)?
-132
Let m(b) = b**3 - 20*b**2 + 2*b + 37. Determine m(19).
-286
Let h(d) = 14*d**3 + 181*d**2 - 8*d + 57. Calculate h(-13).
-8
Let m(x) = -10*x - 498. Calculate m(-50).
2
Let z(t) = -3*t**2 + 77*t + 194. Calculate z(-3).
-64
Let y(a) = -2*a**3 - 445*a**2 + 687*a + 3368. Calculate y(-224).
8
Let t(a) = -7*a**3 - 23*a**2 - 12*a - 17. Calculate t(-3).
1
Let t(b) = 238*b - 12598. Calculate t(53).
16
Let g(h) = -71*h - 1773. What is g(-25)?
2
Let y(u) = -16*u**2 - 849*u - 1702. Calculate y(-2).
-68
Let v(c) = -507*c - 1051. What is v(-3)?
470
Let f(d) = -2*d**2 + 35*d - 226. Determine f(18).
-244
Let v(i) = 3*i**3 - 20*i**2 - 5*i + 43. What is v(5)?
-107
Let b(v) = -424*v - 2535. Calculate b(-6).
9
Let j(x) = -3*x**3 - 13*x - 13. Give j(-1).
3
Let r(z) = -z**2 - 146*z - 2194. Determine r(-129).
-1
Let t(h) = 166*h + 2485. Calculate t(-14).
161
Let k(l) = -7*l**3 + 2*l**2 + 81*l - 305. What is k(4)?
-397
Let o(v) = 19*v - 611. Calculate o(28).
-79
Let p(l) = -l**3 - 30*l**2 - 30*l + 23. Determine p(-29).
52
Let a(z) = 183*z - 1631. Calculate a(9).
16
Let h(l) = -11*l + 378. Calculate h(31).
37
Let w(i) = 166*i**3 - 2*i**2 - 2*i + 3. What is w(1)?
165
Let t(z) = 43*z + 3842. Calculate t(-90).
-28
Let t(k) = 9*k**2 - 37*k + 36. What is t(1)?
8
Let p(a) = -a**2 + 12*a + 38. Give p(-3).
-7
Let d(n) = n**3 - 26*n**2 - 729*n + 19. Calculate d(-17).
-15
Let c(g) = 10*g**3 - 428*g**2 + 337*g - 36. Determine c(42).
6
Let r(n) = -n**3 - 47*n**2 - 48*n - 132. Determine r(-46).
-40
Let o(k) = -19*k**3 + k**2 - 23*k + 2. Determine o(0).
2
Let y(z) = -41*z**2 - 28*z - 91. Calculate y(-3).
-376
Let t(k) = -9*k + 409. What is t(26)?
175
Let k(h) = 28*h - 2031. Calculate k(73).
13
Let n(h) = 29*h - 431. Determine n(17).
62
Let r(d) = 270*d - 3773. Give r(14).
7
Let t(l) = 843*l + 19393. Give t(-23).
4
Let x(s) = -3*s + 141. Give x(44).
9
Let n(g) = -23*g + 43. Determine n(2).
-3
Let h(x) = -x**3 + 9*x**2 + 16*x - 54. What is h(-4)?
90
Let h(g) = -g**2 - 27*g + 26. Give h(-23).
118
Let u(h) = -2*h**2 - 68*h - 454. What is u(-9)?
-4
Let b(f) = 17*f**2 - 493*f + 13. Determine b(29).
13
Let h(v) = -v**2 - 2978*v - 23756. What is h(-8)?
4
Let q(f) = -f**2 - 39*f + 422. Calculate q(9).
-10
Let t(o) = -9*o**2 - 11*o - 30. What is t(-4)?
-130
Let d(c) = 11*c**2 + 78*c - 235. Calculate d(3).
98
Let y(n) = -n**3 + 38*n**2 + 266*n - 4122. Give y(42).
-6
Let z(f) = -6*f**3 - 503*f + 504. Calculate z(1).
-5
Let j(m) = -m**2 - 28*m + 9240. Calculate j(83).
27
Let i(z) = -183*z**2 - 559*z - 37. Give i(-3).
-7
Let n(d) = 26*d - 504. Determine n(8).
-296
Let h(c) = -c**3 - 36*c**2 - 37*c - 46. Determine h(-35).
24
Let r(n) = -n**2 - 28*n - 43. Calculate r(-10).
137
Let z(b) = -b**3 + 9*b**2 - 2*b + 11. Give z(6).
107
Let d(w) = -w**3 - 9*w**2 + 23*w + 62. What is d(-10)?
-68
Let h(i) = -i**2 - 17*i + 201. What is h(7)?
33
Let l(u) = -438*u - 10517. Calculate l(-24).
-5
Let n(z) = -20*z**2 + 4441*z - 230. Give n(222).
-8
Let s(m) = -780*m + 2334. What is s(3)?
-6
Let m(q) = -q**2 + 1854*q - 18469. What is m(10)?
-29
Let h(l) = -4*l - 29. What is h(38)?
-181
Let l(w) = 13*w + 604. What is l(-54)?
-98
Let q(v) = -19*v + 222. Give q(17).
-101
Let v(l) = l**3 + 41*l**2 + 38*l - 1617. Determine v(-39).
-57
Let z(a) = -a**3 + 7*a**2 + 108*a - 34. Calculate z(15).
-214
Let j(k) = -2*k**2 + 11*k - 14. Calculate j(4).
-2
Let i(l) = -l**2 - 40*l - 247. Determine i(-8).
9
Let j(u) = u**3 + 2*u**2 + 181. What is j(0)?
181
Let b(p) = 15*p + 250. What is b(7)?
355
Let j(l) = -18*l + 75. What is j(3)?
21
Let i(p) = -p**3 + 15*p**2 - 39*p - 9. Determine i(12).
-45
Let b(l) = 55*l**2 + 664*l + 30. Calculate b(-12).
-18
Let p(h) = -h**3 - 21*h**2 + 76*h + 88. Determine p(-24).
-8
Let j(o) = -50*o**2 + 9*o - 10. Calculate j(1).
-51
Let n(j) = 10*j + 1207. What is n(-120)?
7
Let c(a) = -a**3 - 5*a**2 - 18*a + 17. Calculate c(1).
-7
Let p(x) = x**3 - 14*x**2 + 13*x - 8. Determine p(13).
-8
Let k(x) = x**3 - 19*x**2 + 28*x - 118. Calculate k(18).
62
Let s(g) = 2*g**3 + 126*g**2 - 126*g + 114. Determine s(-64).
-14
Let r(o) = 3*o + 4. Calculate r(0).
4
Let c(w) = -w**2 - 75*w - 1347. Calculate c(-44).
17
Let o(c) = 3*c**2 + 3*c + 16. Give o(-4).
52
Let i(s) = s**2 + 8*s - 68. Give i(4).
-20
Let s(i) = i**3 + 116*i**2 - 732*i - 16. Calculate s(-122).
-16
Let j(x) = -33*x + 706. What is j(21)?
13
Let o(c) = 15*c**2 - 9*c - 64. What is o(-7)?
734
Let n(b) = b**3 + 4*b**2 + 20*b + 3. What is n(-4)?
-77
Let o(i) = 31*i**3 + 743*i**2 - 27*i - 77. Determine o(-24).
-5
Let b(c) = c**3 - 54*c**2 + 631*c + 2. Give b(16).
370
Let p(k) = -k**2 + 27*k - 72. Give p(4).
20
Let a(u) = 826*u - 15687. Calculate a(19).
7
Let n(k) = 15*k**2 + 1511*k - 409. Give n(-101).
-5
Let q(c) = c**3 - 11*c**2 + c + 7. What is q(9)?
-146
Let h(v) = -2*v**3 + 44*v**2 - 25*v - 4. Calculate h(22).
-554
Let i(f) = -312*f - 318. Give i(-1).
-6
Let u(r) = -59*r + 46. Give u(5).
-249
Let n(c) = -3*c**2 - 66*c - 29. Calculate n(-21).
34
Let w(u) = 103*u**2 - 1021*u - 91. Determine w(10).
-1
Let t(f) = -f**2 + 38*f - 172. Give t(33).
-7
Let v(p) = -9900*p - 79205. Determine v(-8).
-5
Let n(p) = 2*p**3 + 40*p**2 - 28*p - 6. Give n(-21).
-300
Let b(s) = 3*s**3 + 27*s**2 - 272*s + 9. What is b(6)?
-3
Let j(q) = -2*q**3 - 43*q**2 - 33*q - 131. What is j(-21)?
121
Let g(q) = 80*q + 3. Determine g(-8).
-637
Let s(p) = -4865*p**2 + 53514*p + 12. Calculate s(11).
1
Let f(g) = 3*g**3 + 251*g**2 + 180*g + 1144. Give f(-83).
-18
Let s(j) = -7*j**3 - 10*j**2 - 15*j + 22. Determine s(-3).
166
Let h(k) = -k**3 + 8*k**2 - 25*k + 42. Give h(5).
-8
Let c(q) = -q**3 + q**2 - 168*q + 515. Determine c(3).
-7
Let z(n) = -2*n**3 - 34*n**2 + 184*n + 3456. Determine z(-16).
0
Let d(y) = -37*y + 41. Calculate d(1).
4
Let g(w) = -178*w - 742. Calculate g(-4).
-30
Let z(l) = -2*l**2 - 30001*l - 30000. What is z(-1)?
-1
Let z(a) = 32059*a - 128231. What is z(4)?
5
Let m(l) = 2*l**3 + 21*l**2 + 61*l + 86. Calculate m(-7).
2
Let a(v) = -1620*v + 3287. Calculate a(2).
47
Let b(i) = -2*i**2 + 164*i - 1912. What is b(14)?
-8
Let g(q) = -6*q**2 - 135*q + 134.